git of 2901470?
0
What is the ten thousands digit of 97193?
9
What is the tens digit of 3490947?
4
What is the millions digit of 2934879?
2
What is the thousands digit of 1219941?
9
What is the units digit of 23845148?
8
What is the tens digit of 45957?
5
What is the tens digit of 541411?
1
What is the hundred thousands digit of 1304237?
3
What is the millions digit of 3549024?
3
What is the thousands digit of 637756?
7
What is the ten thousands digit of 5307269?
0
What is the millions digit of 1895056?
1
What is the units digit of 402786?
6
What is the thousands digit of 188677?
8
What is the hundreds digit of 4028645?
6
What is the units digit of 665063?
3
What is the hundred thousands digit of 733851?
7
What is the hundreds digit of 336293?
2
What is the tens digit of 6077?
7
What is the tens digit of 24967098?
9
What is the thousands digit of 19699?
9
What is the thousands digit of 45628?
5
What is the ten thousands digit of 311952?
1
What is the thousands digit of 50076?
0
What is the tens digit of 709260?
6
What is the millions digit of 1301131?
1
What is the units digit of 209407?
7
What is the hundred thousands digit of 893045?
8
What is the thousands digit of 134282?
4
What is the hundred thousands digit of 5487384?
4
What is the hundreds digit of 386256?
2
What is the hundred thousands digit of 672422?
6
What is the hundred thousands digit of 239749?
2
What is the tens digit of 1143223?
2
What is the thousands digit of 536903?
6
What is the thousands digit of 156628?
6
What is the hundreds digit of 489056?
0
What is the units digit of 338753?
3
What is the hundreds digit of 4128451?
4
What is the thousands digit of 407532?
7
What is the ten thousands digit of 78042?
7
What is the ten millions digit of 22110987?
2
What is the ten thousands digit of 144726?
4
What is the thousands digit of 85495?
5
What is the tens digit of 469800?
0
What is the tens digit of 2717844?
4
What is the tens digit of 1060387?
8
What is the hundreds digit of 1818574?
5
What is the hundreds digit of 1191005?
0
What is the units digit of 484015?
5
What is the units digit of 424515?
5
What is the hundreds digit of 527497?
4
What is the millions digit of 3497413?
3
What is the tens digit of 282601?
0
What is the hundreds digit of 1529469?
4
What is the hundred thousands digit of 4785346?
7
What is the tens digit of 2188330?
3
What is the hundreds digit of 553173?
1
What is the thousands digit of 603024?
3
What is the millions digit of 7380201?
7
What is the hundreds digit of 570064?
0
What is the millions digit of 9416505?
9
What is the millions digit of 1400982?
1
What is the millions digit of 1434457?
1
What is the tens digit of 178904?
0
What is the ten thousands digit of 11190170?
9
What is the tens digit of 129725?
2
What is the tens digit of 22176997?
9
What is the units digit of 711816?
6
What is the hundred thousands digit of 834404?
8
What is the ten thousands digit of 1526851?
2
What is the units digit of 582589?
9
What is the thousands digit of 295731?
5
What is the thousands digit of 152541?
2
What is the ten thousands digit of 1025843?
2
What is the hundred thousands digit of 205853?
2
What is the tens digit of 3703769?
6
What is the units digit of 287031?
1
What is the hundreds digit of 2243617?
6
What is the hundred thousands digit of 16218241?
2
What is the millions digit of 3451244?
3
What is the units digit of 248741?
1
What is the hundreds digit of 253151?
1
What is the thousands digit of 657695?
7
What is the hundred thousands digit of 566592?
5
What is the ten thousands digit of 80911?
8
What is the units digit of 33325924?
4
What is the hundred thousands digit of 213082?
2
What is the hundreds digit of 12148591?
5
What is the thousands digit of 8906?
8
What is the tens digit of 1266088?
8
What is the ten thousands digit of 2573390?
7
What is the ten thousands digit of 378311?
7
What is the millions digit of 22228796?
2
What is the millions digit of 5141541?
5
What is the hundred thousands digit of 32162317?
1
What is the tens digit of 6025354?
5
What is the hundreds digit of 242308?
3
What is the hundred thousands digit of 6607166?
6
What is the thousands digit of 4325650?
5
What is the hundred thousands digit of 2349244?
3
What is the hundred thousands digit of 154866?
1
What is the tens digit of 1763796?
9
What is the tens digit of 5296940?
4
What is the thousands digit of 8635430?
5
What is the thousands digit of 3040189?
0
What is the ten thousands digit of 1198218?
9
What is the units digit of 9921119?
9
What is the hundreds digit of 527185?
1
What is the tens digit of 1586305?
0
What is the thousands digit of 5642135?
2
What is the ten millions digit of 21438252?
2
What is the ten thousands digit of 148333?
4
What is the tens digit of 1295849?
4
What is the hundreds digit of 7911171?
1
What is the units digit of 17944393?
3
What is the thousands digit of 494923?
4
What is the units digit of 12385635?
5
What is the tens digit of 259708?
0
What is the units digit of 238992?
2
What is the units digit of 162213?
3
What is the hundred thousands digit of 10303336?
3
What is the hundreds digit of 3706066?
0
What is the hundreds digit of 2029003?
0
What is the units digit of 66483?
3
What is the tens digit of 472667?
6
What is the thousands digit of 502251?
2
What is the tens digit of 5584959?
5
What is the hundred thousands digit of 27768236?
7
What is the hundred thousands digit of 16659878?
6
What is the hundred thousands digit of 7124398?
1
What is the hundred thousands digit of 3991623?
9
What is the thousands digit of 2802518?
2
What is the units digit of 1915671?
1
What is the thousands digit of 1981964?
1
What is the ten thousands digit of 229554?
2
What is the ten millions digit of 17987451?
1
What is the tens digit of 874678?
7
What is the hundred thousands digit of 879850?
8
What is the ten thousands digit of 1201784?
0
What is the thousands digit of 2516050?
6
What is the hundred thousands digit of 436103?
4
What is the units digit of 365806?
6
What is the millions digit of 6238530?
6
What is the tens digit of 341952?
5
What is the thousands digit of 6497208?
7
What is the hundreds digit of 10485071?
0
What is the thousands digit of 421253?
1
What is the units digit of 1256561?
1
What is the units digit of 536962?
2
What is the ten thousands digit of 7004232?
0
What is the tens digit of 138707?
0
What is the thousands digit of 4022893?
2
What is the ten thousands digit of 316887?
1
What is the hundred thousands digit of 222620?
2
What is the hundreds digit of 680153?
1
What is the hundred thousands digit of 17381217?
3
What is the hundred thousands digit of 6096164?
0
What is the thousands digit of 409466?
9
What is the hundreds digit of 3123877?
8
What is the ten thousands digit of 2130822?
3
What is the hundred thousands digit of 918302?
9
What is the units digit of 574529?
9
What is the thousands digit of 2635300?
5
What is the units digit of 7258512?
2
What is the ten thousands digit of 1845241?
4
What is the units digit of 1462282?
2
What is the hundreds digit of 3899706?
7
What is the units digit of 152024?
4
What is the hundreds digit of 2232791?
7
What is the thousands digit of 1030102?
0
What is the ten thousands digit of 7956348?
5
What is the ten thousands digit of 1888404?
8
What is the thousands digit of 19246?
9
What is the thousands digit of 406686?
6
What is the hundred thousands digit of 1085103?
0
What is the millions digit of 3020907?
3
What is the thousands digit of 23693873?
3
What is the millions digit of 3675046?
3
What is the thousands digit of 4141068?
1
What is the millions digit of 2342342?
2
What is the hundred thousands digit of 9079933?
0
What is the hundred thousands digit of 15077302?
0
What is the units digit of 365175?
5
What is the hundred thousands digit of 534129?
5
What is the units digit of 1083234?
4
What is the hundreds digit of 138075?
0
What is the ten thousands digit of 197711?
9
What is the hundreds digit of 419464?
4
What is the units digit of 452757?
7
What is the hundreds digit of 1782596?
5
What is the hundreds digit of 8945750?
7
What is the hundred thousands digit of 1306142?
3
What is the tens digit of 2110503?
0
What is the hundreds digit of 4621304?
3
What is the ten thous